 - 12. Calculate c(-11).
32
Let f(v) = 6*v - 8. Calculate f(-7).
-50
Let u(p) = -p**3 + 8*p**2 - 7*p + 1. Give u(6).
31
Let d(y) = 24*y + 49. Calculate d(-8).
-143
Let p(r) = 2*r**2 - 12*r + 5. Calculate p(7).
19
Let d(s) = -s**3 - s**2 - s - 1. Calculate d(0).
-1
Let k(w) = -w**2 - 14*w + 11. Calculate k(-14).
11
Let o(u) = u**3 + 8*u**2 - 24*u + 9. What is o(-10)?
49
Let f(k) = 2*k**2 + 29*k + 109. Give f(-8).
5
Let x(d) = d**2 - 7*d + 16. Give x(8).
24
Let r(i) = i**3 - 2*i - 1. Determine r(2).
3
Let s(f) = 2*f**3 + 37*f**2 + 8*f - 170. Determine s(-18).
10
Let s(d) = -8*d - 26. Give s(-8).
38
Let j(n) = n**2 - 4*n + 21. What is j(0)?
21
Let x(y) = y**3 - 6*y**2 - y - 4. Determine x(6).
-10
Let g(v) = -4*v + 77. Give g(21).
-7
Let i(t) = 4*t - 5. Calculate i(-3).
-17
Let r(i) = -i + 26. Give r(0).
26
Let t(x) = x**3 - 10*x**2 + 13*x - 29. Calculate t(9).
7
Let k(u) = 24*u + 146. What is k(-6)?
2
Let f(g) = 2*g**2 + 5*g - 4. Give f(-4).
8
Let b(n) = 22*n**2 + 4*n - 4. Determine b(1).
22
Let g(h) = -h**3 + h**2 + 4*h - 10. Give g(0).
-10
Let m(w) = -w - 14. Calculate m(-10).
-4
Let q(x) = -x**3 + 6*x**2 - 4*x + 1. Calculate q(4).
17
Let y(g) = g - 27. Calculate y(0).
-27
Let o(z) = -8*z - 2. Calculate o(3).
-26
Let g(x) = -49*x - 5. Calculate g(-2).
93
Let g(i) = i**3 + 8*i**2 - 10*i - 8. What is g(-9)?
1
Let i(b) = 2*b**2 + 4*b + 1. Give i(-4).
17
Let r(l) = -2*l**2 + 36*l - 42. Calculate r(17).
-8
Let k(t) = -9*t + 152. Give k(18).
-10
Let u(j) = j - 16. Determine u(7).
-9
Let m(d) = 5*d - 34. Calculate m(4).
-14
Let i(g) = g - 15. Give i(7).
-8
Let n(f) = 6*f - 40. Give n(9).
14
Let b(a) = 2*a**3 - 6*a**2 + a - 14. What is b(3)?
-11
Let t(h) = h**3 + 7*h**2 + h - 26. What is t(-6)?
4
Let t(s) = -s**3 + 9*s**2 + 15*s - 14. What is t(10)?
36
Let j(o) = -o**3 - 8*o**2 - 2*o + 1. What is j(-7)?
-34
Let w(a) = a + 23. Determine w(19).
42
Let j(a) = -a**3 + a**2 - 8*a + 15. Calculate j(3).
-27
Let g(v) = -v**3 + 12*v**2 - 6*v - 16. Calculate g(12).
-88
Let j(t) = -t**2 - 33*t - 103. Calculate j(-30).
-13
Let r(j) = j - 1. Determine r(11).
10
Let c(r) = -r**2 - 5*r + 2. Determine c(-3).
8
Let u(b) = -2*b**3 + 21*b**2 - 9*b + 3. Give u(10).
13
Let x(y) = 2*y + 18. Calculate x(-8).
2
Let g(u) = u**3 - 5*u**2 - 14*u - 7. What is g(7)?
-7
Let b(w) = -2*w**2 - 18*w - 34. What is b(-5)?
6
Let l(d) = d - 16. What is l(12)?
-4
Let p(f) = f**2 + 11*f - 5. Give p(-9).
-23
Let d(j) = -j**2 + 36. Give d(6).
0
Let r(a) = a**3 - 3*a**2 - 11*a - 2. What is r(5)?
-7
Let p(q) = -3*q - 2. Give p(5).
-17
Let b(s) = -4*s**2 - 3*s - 2. Determine b(-2).
-12
Let o(x) = 2*x - 7. What is o(4)?
1
Let b(s) = s + 6. What is b(-7)?
-1
Let q(u) = -27*u - 326. Determine q(-12).
-2
Let m(d) = -5*d. Determine m(-5).
25
Let a(g) = g**3 - g**2 - 22*g + 8. Give a(5).
-2
Let v(t) = -2*t**2 + 14*t + 9. What is v(7)?
9
Let t(o) = 4*o**2. Calculate t(-1).
4
Let q(c) = -c**2 - 4*c + 3. Give q(-6).
-9
Let i(x) = -x**2 + 8*x - 10. What is i(6)?
2
Let v(d) = 2*d - 8. Give v(6).
4
Let y(o) = -o**3 - 6*o**2 + 4*o + 4. Calculate y(-6).
-20
Let n(j) = 8*j**2 - 19*j + 32. Give n(2).
26
Let a(x) = -x**3 - 8*x**2 + 8*x - 3. Determine a(-9).
6
Let y(b) = -2*b**3 + 38*b**2 - b + 15. Calculate y(19).
-4
Let y(g) = -g**3 + 10*g**2 - 2*g - 6. Give y(10).
-26
Let h(s) = 5*s - 5. What is h(-2)?
-15
Let t(k) = -k**3 - 28*k**2 - 28*k - 26. Calculate t(-27).
1
Let h(n) = -2*n**3 - 12*n**2 - 4*n - 24. Give h(-6).
0
Let a(i) = -i**2 + 1. Give a(1).
0
Let q(l) = -l**3 + 2*l**2 + 6*l + 8. Determine q(-3).
35
Let p(m) = 3*m**2 + m + 4. Give p(-5).
74
Let c(j) = -j**3 - 5*j**2 + 4*j - 2. What is c(-5)?
-22
Let v(m) = -2*m - 10. Give v(-7).
4
Let r(c) = -8*c - 19. Calculate r(-5).
21
Let s(c) = -6*c + 61. Calculate s(6).
25
Let i(g) = 4*g**2 - 2*g - 10. Determine i(3).
20
Let i(a) = -a**2 - 12*a + 10. Determine i(-10).
30
Let m(t) = -4*t**2 - 2*t + 13. Give m(-7).
-169
Let i(x) = 23*x - 39. Calculate i(2).
7
Let n(y) = y**3 + 3*y**2 - 12*y + 23. Calculate n(3).
41
Let n(l) = -l**3 - 7*l**2 - 3*l - 23. Calculate n(-7).
-2
Let g(u) = u**2 - 9*u - 19. Give g(10).
-9
Let l(g) = -g**3 - 14*g**2 - 13*g + 9. Give l(-13).
9
Let l(h) = -h**3 - 7*h**2 + 3*h + 44. What is l(-6)?
-10
Let m(c) = -5*c - 147. What is m(-35)?
28
Let d(n) = n**2 + 2*n - 83. Calculate d(7).
-20
Let w(g) = 4*g - 17. Give w(6).
7
Let q(n) = -n**3 - 19*n**2 - 18*n - 12. Give q(-18).
-12
Let i(v) = -5*v**2 - 9*v - 7. Determine i(-1).
-3
Let g(d) = 7*d + 1. Determine g(-1).
-6
Let a(j) = -j**3 + 6*j**2 + 4*j - 1. What is a(6)?
23
Let q(h) = h**3 - 5*h**2 - 9*h - 10. Determine q(7).
25
Let c(b) = -2*b**2 + b. Determine c(2).
-6
Let x(m) = m**2 + m - 7. Give x(5).
23
Let q(h) = 4*h**2 + 14*h - 14. What is q(-6)?
46
Let o(f) = -f + 6. Determine o(5).
1
Let o(p) = p**3 - 4*p**2 - 6*p + 5. Calculate o(5).
0
Let w(x) = 15*x + 36. Give w(-7).
-69
Let g(c) = -c**3 - 11*c**2 + 23*c - 31. Give g(-13).
8
Let w(f) = -57*f + 67. What is w(1)?
10
Let x(w) = 7*w + 8. Determine x(0).
8
Let p(v) = -8*v - 12. What is p(-2)?
4
Let a(z) = 2*z**2 - 2*z + 3. Calculate a(-5).
63
Let z(d) = d**3 + 4*d**2 + 14*d + 21. What is z(-2)?
1
Let y(u) = -12*u + 9. Determine y(4).
-39
Let n(b) = -4*b + 4. Determine n(-2).
12
Let a(y) = y**2 + 5*y + 4. Give a(-4).
0
Let z(u) = -u**2 - 11*u + 13. Calculate z(-12).
1
Let y(j) = -3*j**2 + 51*j + 18. Calculate y(14).
144
Let v(z) = -4*z - 49. Determine v(-15).
11
Let y(t) = t**2 - t. Calculate y(-3).
12
Let w(l) = -l**2 + 12*l - 14. Calculate w(11).
-3
Let r(i) = -30*i - 154. Give r(-4).
-34
Let b(c) = -4*c**2 - 29*c - 5. Determine b(-6).
25
Let j(i) = -2*i**2 - 7*i + 3. Calculate j(-4).
-1
Let g(a) = 9*a + 360. Calculate g(-39).
9
Let r(g) = -5*g**2 + 17*g + 17. Give r(4).
5
Let h(x) = -x**2 - 11*x + 10. What is h(-7)?
38
Let c(f) = 23*f + 46. Determine c(-2).
0
Let c(u) = -43*u**2 - 6*u + 1. Give c(1).
-48
Let f(c) = c**3 - 3*c**2 + 6*c + 4. Calculate f(5).
84
Let z(g) = 2*g - 13. Determine z(6).
-1
Let r(y) = -25*y - 14. Determine r(4).
-114
Let v(r) = -14*r + 14. Calculate v(2).
-14
Let c(k) = -2*k**2 - 2*k - 172. Give c(0).
-172
Let i(u) = u**3 + 24*u**2 - 23*u - 6. Calculate i(-25).
-56
Let h(i) = -i + 10. Give h(12).
-2
Let b(m) = -m**2 - 6*m - 10. What is b(-4)?
-2
Let a(l) = l**3 - 5*l**2 - 16*l. Determine a(7).
-14
Let n(o) = -o**3 - 15*o**2 - 13*o + 14. What is n(-14)?
0
Let f(m) = m - 34. Determine f(0).
-34
Let a(p) = -2*p**2 - 20*p - 32. Determine a(-7).
10
Let q(b) = b**3 + 12*b**2 - 4*b + 27. Calculate q(-13).
-90
Let y(x) = x**3 + 20*x**2 + 19*x + 6. Give y(-19).
6
Let p(j) = -9*j - 6. Give p(-1).
3
Let n(o) = 3*o**2 - 2*o + 3. Determine n(1).
4
Let n(k) = 2*k + 17. Calculate n(-14).
-11
Let w(v) = -7*v**2 + 5*v + 1. What is w(5)?
-149
Let c(i) = -i**2 - 16*i - 104. Determine c(-10).
-44
Let z(i) = -i**2 - 22*i + 1. Determine z(-22).
1
Let f(h) = -h**2 + 9*h - 6. Calculate f(8).
2
Let v(f) = 5*f - 21. Give v(5).
4
Let q(b) = 2*b**2 - 17*b - 59. What is q(11)?
-4
Let q(j) = -2*j + 8. Determine q(-10).
28
Let h(f) = -70*f + 279. Determine h(4).
-1
Let a(w) = -41*w + 2. Determine a(0).
2
Let a(i) = -i**2 + 17*i - 8. Calculate a(16).
8
Let u(n) = -n**3 + 5*n**2 + 7*n + 1. Give u(6).
7
Let w(z) = -z - 104. What is w(-20)?
-84
Let i(g) = 35*g**2 - 1. Determine i(-1).
34
Let s(w) = -w + 10. Calculate s(3).
7
Let p(y) = y - 16. Determine p(8).
-8
Let m(v) = v**2 + 3*v - 7. Calculate m(-6).
11
Let z(u) = 53*u + 683. Calculate z(-13).
-6
Let k(f) = 33*f**2 - f - 1. Determine k(-1).
33
Let o(w) = -41*w. What is o(1)?
-41
Let d(r) = -r**3 - 4*r**2 + 13*r. Calculate d(3).
-24
Let c(l) = -l**2 + 11*l - 5. What is c(10)?
5
Let r(p) = p**2 + 18*p - 4. What is r(-19)?
15
Let p(n) = -n**3 + 9*n**2 - 14*n - 23. Determine p(6).
1
Let m(b) = -70*b - 426. Give m(-6).
-6
Let b(l) = -l**2 - l - 3. Calculate b(-3).
-9
Let a(o) = 3*o + 4. Calculate a(3).
13
Let n(x) = -5*x - 64. What is n(-14)?
6
Let i(y) = -y**3 + 4*y**2 + 4*y + 1. Give i(-3).
52
Let s(x) = x**2 - 3*x - 41. Determine s(8).
-1
Let x(l) = l**2 - 8*l - 39. Determine x(12).
9
Let h(v) = 3*v**2 - 7*v + 6. Calculate h(3).
12
Let b(r) = r**2 - 6*r - 17. What is b(7)?
-10
Let t(a) = -8*a**2. Determine t(-1).
-8
Let c(w) = 22*w - 20. What is c(1)?
2
Let l(p) = -8*p**3 + 3*p**2 - 3*p + 